 = h + u. What is the tens digit of g?
9
Suppose 796*k = 797*k - 5*s - 57241, 5*s = -2*k + 114602. What is the hundreds digit of k?
2
Suppose 6*d - 7816 - 10766 = 0. Suppose -s + d = 4*y, 0 = 4*y + y - s - 3869. What is the hundreds digit of y?
7
Let l be 2861 + (-64)/(-24)*3. Let o = l + -1335. What is the tens digit of o?
3
Let u(c) = -c**3 + 33*c**2 - 35*c + 4. Let d be u(30). What is the tens digit of (-68)/85 + d/5?
3
Let g(r) = 40*r + 1047. Let a be g(-26). Let v(k) = k**3 - 5*k**2 - k + 2. Let x be v(5). Let u = x + a. What is the units digit of u?
4
Let f be (0 - 3/(-1)) + 18. Suppose -s - 9 = -5*s + 3*j, 12 = -5*s - 4*j. Suppose s = 3*z - f - 39. What is the tens digit of z?
2
Let p = -48 - -159. Let i = 411 - p. What is the hundreds digit of i?
3
What is the hundreds digit of (20937/14 + 25)/(2/12 - 0)?
1
Let n be -6 - (17 - -7)/(-3). Suppose -w + 849 = z + n*w, -5*w - 833 = -z. What is the units digit of z?
3
Let b = 22 - 15. Suppose b*q = 13*q - 510. What is the units digit of q?
5
Suppose 0 = v - 5*n - 1975, -6 = -100*n + 99*n. What is the hundreds digit of v?
0
Let r = -9639 + 11477. What is the tens digit of r?
3
Suppose 4*i - 17*v - 117943 = -12*v, -58947 = -2*i - v. What is the hundreds digit of i?
4
Let t be 4 + 1 + (-9 - 103 - -5). What is the hundreds digit of 30/4*t*18/(-30)?
4
Suppose 275 = -3*c - 4*t, 5*c - 2*t + 494 - 27 = 0. Let m = 81 - c. What is the tens digit of m?
7
Let w(i) = -241*i - 1312. What is the units digit of w(-12)?
0
Let o(w) = 5*w**2 + w. Let d be o(1). Suppose d*a = -a + 4*a. Suppose m - 3*k = -2*m + 288, a = -m - k + 86. What is the tens digit of m?
9
Suppose -45*l + 176751 = -31*l - 143023. What is the tens digit of l?
4
Let p(h) = 90*h**2 + 842*h - 14. What is the hundreds digit of p(14)?
4
Suppose -69*b - 42237 = -82*b. What is the units digit of b?
9
Let m(u) = -436*u + 4408. What is the tens digit of m(-31)?
2
Let d(q) = -28*q**2 + 6*q - 43. Let u be d(5). Let l = -389 - u. What is the tens digit of l?
2
Let a = 17283 - -1397. What is the tens digit of a?
8
Let u be ((-372)/(-5))/(6/20) + 0. Let y = u + 1536. What is the tens digit of y?
8
Let g = -452 + 460. Suppose -7431 + 447 = -g*f. What is the hundreds digit of f?
8
Let c be (-498312)/(-252) - (-3)/(-7). Suppose 0 = 10*a - 643 - c. What is the hundreds digit of a?
2
Suppose 36*l + 15*l = -11*l + 1180480. What is the hundreds digit of l?
0
What is the hundreds digit of (327555/(-4))/(-5) - 375/500?
3
Let p = -81 + 48. Let d = p + 38. Suppose -4*y + 471 = d*n - y, -5*n + 4*y + 457 = 0. What is the units digit of n?
3
Let b(l) be the second derivative of 7*l**3/3 - 5*l**2/2 - 2*l - 1429. Let d = 4 + -2. What is the tens digit of b(d)?
2
Let a = 45 - 43. Suppose 2*w - a*s + 3*s = 79, w - 27 = -3*s. What is the units digit of (-4)/w + 36980/210?
6
Suppose 30*d = 31*d - 5. Suppose -2*c = t + 2 + 10, -d*c = 2*t + 24. What is the units digit of 326/(-5)*(5 + 90/t)?
3
Let u = 5264 + -91. What is the hundreds digit of u?
1
What is the units digit of ((-2)/2 - 11558)/((-693)/231)?
3
Let q(z) = z**3 + 72*z**2 + 99*z - 165. What is the tens digit of q(-63)?
1
Suppose -4*w + 12 = -0*w - 5*o, 0 = -2*o. Suppose p - 26 = -0*p + 3*r, w*p - r = 70. What is the units digit of ((-118)/14 + -1)/(p/(-161))?
6
Let g(c) = -4*c - 81. Let o be g(-24). Suppose o*i = 13*i + 1692. What is the units digit of i?
6
Let t = 14894 + -1140. What is the tens digit of t?
5
Suppose -8*x + 3140 = 2*x. Suppose -2*k = -x + 92. Suppose -k = -5*r + 64. What is the units digit of r?
5
Suppose -1511770 = -62*o - 44*o + 2315572. What is the thousands digit of o?
6
Let b = -7 - -2. Let i(c) = 41*c**2 - 16*c - 84. What is the tens digit of i(b)?
2
Suppose 3*h - 6 = 12. Let u(l) = 2*l + 4. Let t be u(h). Let f(c) = -c**2 + 15*c + 31. What is the tens digit of f(t)?
1
Suppose -8*j + 13*j = -4*u + 76261, 5*u - 95335 = -5*j. What is the thousands digit of u?
9
Let u = 119732 - 76956. What is the thousands digit of u?
2
Suppose 0 = -0*p - p + 5. Suppose 0 = 31*f - 487 + 177. Suppose 0 = -p*c + f*c - 55. What is the tens digit of c?
1
Let h = -13354 + 27729. What is the hundreds digit of h?
3
Suppose 2123*f - 2130*f = -1106. Let u = 3 + -1. Suppose 4*a + 364 = u*t + 2*t, 2*t + 4*a = f. What is the units digit of t?
7
Suppose 29*s - 7166 = 3564. Suppose 5*o - s = -u, -12*o + 1531 = 4*u - 9*o. What is the units digit of u?
5
Let f be 3/(-9) - 14*(-4)/6. Suppose -715 = -3*l + 4*a - 31, 3*a = f. What is the units digit of (-27)/(-12)*l/3?
4
Let h(k) = -2*k - 12. Let p be h(-9). Suppose -34 = -7*l - p. Suppose -1785 = -l*y - 13*y. What is the units digit of y?
5
Let k be (-8)/28*1 - (-130)/14. Suppose -4*s - k*n + 5*n = -1672, 2*s = 5*n + 808. What is the tens digit of s?
1
Suppose -184093 = -3*c - 88*c. What is the tens digit of c?
2
Suppose -5*h - 13075 = -7*h + m, 5*h - 32689 = 2*m. What is the thousands digit of h?
6
Let b = -17146 - -50507. What is the tens digit of b?
6
Suppose -1763 = 8*x - 9*x - 2*l, -4*x = -3*l - 7030. What is the thousands digit of x?
1
Let o be 310 + 0*(-1)/(-6). Suppose -5*w = -5*m + o - 5220, 0 = 4*w + 4*m - 3944. What is the hundreds digit of w?
9
Suppose 137 = -3*j + 146. Suppose j*b - l - 456 = 0, 0*l - 136 = -b - 5*l. What is the tens digit of b?
5
Let s(w) = 31*w**3 - 3*w**2 + 34*w + 6. What is the units digit of s(4)?
8
Suppose 3*y = -o + 4721, o + 120 = 2*y - 3034. Suppose -30*s + 27*s + y = 0. What is the tens digit of s?
2
Let o be (-3)/(15/(-10)) + 1 + 25. What is the tens digit of 433 + (-16)/o + (-68)/28?
3
Let a(i) = -3*i - 48. Let l be a(-8). Let q be (-8)/20*5/1. What is the tens digit of (-2)/(l/1386*(-3)/q)?
7
Let z(d) = -2*d - 47. Let p be z(-9). Let y(a) = a**3 + 31*a**2 + 46*a + 89. What is the tens digit of y(p)?
3
Suppose 67*g - 38854 = 897538. What is the tens digit of g?
7
What is the units digit of (-8 - -1) + (-1)/1*-9959?
2
Suppose 4*y - 7*y + 5*c = 56, -4*y = 5*c + 28. Let d(r) = -22*r + 43. What is the hundreds digit of d(y)?
3
Suppose 12*l = k + 10*l - 250, k = -5*l + 215. What is the units digit of ((-192)/k)/(2/(-10))?
4
Let q(p) = 18 - 15*p + 5*p**2 - p**2 - 5*p**2. Let m be q(-16). Suppose l - v = -l + 115, 5*l + m*v = 292. What is the units digit of l?
8
Suppose -y + 4007 = -5*c, 48*c = 4*y + 44*c - 15964. What is the hundreds digit of y?
9
Suppose 22*c = 20*c + 728. Suppose 10*b - 8 = 8*b. Suppose b*i - c = -0*i. What is the units digit of i?
1
Let u be -17*1/1 + 0. Let a(i) = i**3 + 16*i**2 - 21*i - 4. Let m be a(u). Suppose 0 = 3*q - m + 4. What is the units digit of q?
0
Let x = 356 - 9. Suppose 0 = -11*p + 874 + x. What is the tens digit of p?
1
Let x(r) = r**3 + 32*r**2 - 6*r - 14. Let c = -134 + 102. What is the units digit of x(c)?
8
Let z(k) = -3*k - 15 + 2*k - k. Let b be z(-9). Suppose -b*g - 24 = -5*g. What is the tens digit of g?
1
What is the tens digit of (75024/15)/(9/(765/34))?
0
Let v(q) be the second derivative of q**4/4 + 7*q**3/2 - 41*q**2 + 50*q + 3. What is the units digit of v(-19)?
2
Let m = -30 - -101. Suppose 499 + 266 = -17*c. Let u = m + c. What is the tens digit of u?
2
Let l(i) = 2*i**2 + 28*i + 37. Let k(r) = r**3 + 14*r**2 - 19. Let p be k(-14). Let d be l(p). Let v = 332 - d. What is the hundreds digit of v?
1
Suppose 4 = -2*c - 2*c, -2*l - c = -7. Suppose 4*p = g + p - 229, 0 = -l*g + 5*p + 937. What is the tens digit of g?
3
Let p be -5 + (0 - 4)/(-4). Let z be (2/3)/(p*1/6). What is the units digit of z/4 - (-274)/8?
4
Let n(k) = -k**3 - 13*k**2 - 9*k + 41. Let s be n(-12). Suppose 4*c - 3775 = -s*b, -9*b - 3*c = -10*b + 774. What is the hundreds digit of b?
7
Let b = 306 + -398. Let p(h) = 19*h**3 - h. Let o be p(-1). What is the tens digit of (-15)/60 + o/(-8) - b?
9
Suppose 2*x = -2*a + 1050 + 126, 5*a - 4*x = 2922. Suppose 12*u = 10*u - 2*r + a, 1208 = 4*u - 5*r. What is the units digit of u?
7
Suppose 33890 = 11*k - 6892 - 3966. What is the tens digit of k?
6
What is the hundreds digit of ((-24)/(-126) + (-9)/27)/(4/(-811412))?
9
Suppose l = 4*l - 4*p - 12952, -4*l - p = -17263. Let n = l + -2771. What is the hundreds digit of n?
5
Let f(a) = 22*a - 1. Let d(k) = -k**2 + 7*k - 9. Let c be d(2). Let t be f(c). Suppose -22*m = -t*m - 54. What is the units digit of m?
4
Suppose 0 = 22*d - 785